147 = -0*z - 3*z. List the prime factors of z.
7
Suppose -12 = -4*m - 0. Let y be -22*(-1)/2 + 0. Let j = y - m. What are the prime factors of j?
2
Let y = 27 - 25. Suppose h + 37 = q + q, -y*h + 54 = 4*q. List the prime factors of q.
2
Suppose -2*t + 329 = 3*l, l - 2*l = 3*t - 511. List the prime factors of t.
2, 43
Let r(q) = -q**3 + 6*q**2 - 5*q - 4. Let l be r(4). Let x(v) = v**3 + 8*v**2 + v - 6. Let u be x(-7). Suppose -l*j + u = -6*j. What are the prime factors of j?
2, 3
Let u = 17 + -9. List the prime factors of u.
2
Suppose b = 5*b - 24. Let n = 0 + 0. What are the prime factors of (b - 1) + n - -1?
2, 3
Let f(k) = -14*k - 3. Let m be f(-3). Suppose 7 = -5*c - 4*o + m, -o = -3*c + 9. What are the prime factors of (6/(-8) + 3)*c?
3
Let k be (1 - (-2)/(-1))*10. List the prime factors of (-4)/8 + k/(-4).
2
Let s(x) be the second derivative of -x**4/12 - 7*x**3/6 + 3*x**2/2 + 2*x. Let y be s(-7). Suppose -2*m = -7 - y. List the prime factors of m.
5
Let x(l) = 2*l - 7. Let n be x(6). Let t(p) = p**3 - 6*p**2 + 7*p. What are the prime factors of t(n)?
2, 5
Suppose -5*y + 12 = -y. Let d = -1 - -1. Suppose d = 5*t - y*t - 20. List the prime factors of t.
2, 5
Suppose -24*d + 25*d = 9. List the prime factors of d.
3
Suppose -n + 5*p - 6 = -443, 0 = p + 5. List the prime factors of n.
2, 103
Suppose -2*r - 4*d - 5 = 1, 2*d = 3*r - 15. Let f be 3/r + 3 + -2. Suppose 0 = 2*j - o - 4, j + 2*o = -0*o + f. List the prime factors of j.
2
Suppose 0 = 3*z + 2*b - 52 - 52, 3*z + 4*b = 106. What are the prime factors of z?
2, 17
Let i be (-194)/(-6) + (-2)/6. Let c = -21 + i. What are the prime factors of c?
11
Let y(w) = w**3 + 10*w - 4. List the prime factors of y(6).
2, 17
Suppose -q + 107 = z, -184 = -3*z + z + 4*q. List the prime factors of z.
2, 3, 17
Let l = 210 + 68. List the prime factors of l.
2, 139
Suppose 4*k + 5*w = 327, 0 = -7*w + 4*w - 3. Suppose -5*m = -203 + k. List the prime factors of m.
2, 3
Suppose 0*t = 5*k - t - 427, 75 = k + 5*t. List the prime factors of k.
5, 17
What are the prime factors of 7 + -9 + 54*3?
2, 5
Let y be -1 - ((-24)/3 + 3). Suppose y*f - 66 = -18. List the prime factors of f.
2, 3
Let g(s) = s**2 + 2*s - 1. Let w be g(-2). Let m(a) = -10*a. List the prime factors of m(w).
2, 5
Let l(k) = k + 3. Let y(t) = -7 + 2*t - 3*t + 1. Let j be y(-6). List the prime factors of l(j).
3
Suppose -3*a = 3*r + 18, -2*r = -4*a - 9 - 9. Let i be -4*(0 + r/2). Suppose -8 = -c - i. What are the prime factors of c?
2, 3
Let z = -610 - -954. What are the prime factors of z?
2, 43
Let o(z) = z**2 + 2*z + 1. Let w be o(-3). What are the prime factors of (3/1 - w)*-2?
2
What are the prime factors of (9/6)/(3/172)?
2, 43
Let n(w) = -19*w - 5. List the prime factors of n(-2).
3, 11
Let s(v) = v**2 + 10*v - 12. Let h be s(-12). What are the prime factors of 1500/72 - (-2)/h?
3, 7
Suppose 0 = -4*z + 352 + 20. List the prime factors of z.
3, 31
Let x(b) = 27 + 4*b - 25 - 3*b + b**2. List the prime factors of x(4).
2, 11
Let c be ((-4)/(-3))/(3/45). Suppose z = -6 + c. List the prime factors of z.
2, 7
Let o be (8/(-6))/((-3)/9). Suppose -q - v - 20 = 4*q, -5*q + o*v = -5. Let x = 5 + q. What are the prime factors of x?
2
Suppose 13 + 5 = 3*a. What are the prime factors of a?
2, 3
Let h be ((-6)/9)/(2/3). Let n(u) = -8*u + 1. What are the prime factors of n(h)?
3
Let m = -1 - -4. Suppose 3*n - 48 = 3*i, m*n + i = -2*n + 74. List the prime factors of n.
3, 5
Let y = -28 - -19. Let d(s) = -s**3 - 10*s**2 - 9*s + 2. Let a be d(y). Suppose a*l + 0 = 24. List the prime factors of l.
2, 3
Let d = 227 + -130. What are the prime factors of d?
97
Let h(c) = -2*c**2 + 1 + 2*c**2 + 2*c**2 + 3*c. Suppose -5 = p + 3*x, -2 = 2*p - 5*x - 3. List the prime factors of h(p).
3
Let z be (2/4)/((-4)/(-24)). Suppose -2*m = z*m - 2*w - 22, -4*m + w = -17. Suppose -5*t + m = j, -7*j - 3*t + 42 = -2*j. What are the prime factors of j?
3
Let w(x) = -6*x - 1. Let l be w(3). Let r = -10 - l. Let g(n) = 3*n - 8. List the prime factors of g(r).
19
Let v = 85 - 61. What are the prime factors of v?
2, 3
What are the prime factors of 0 - (-1)/(-5) - (-972)/10?
97
Suppose 4*w - 1 = 3. Let s(c) = 1 + 7*c**2 - 3*c**2 + c + w. What are the prime factors of s(2)?
2, 5
List the prime factors of 4/(2 - -2)*52.
2, 13
Suppose -2*y = 2*s - 444, -4*y + 3*s = -626 - 290. What are the prime factors of y?
2, 113
Suppose 3*q = -3*n + 6, 0 = q + q - 2*n - 16. Let c = q - 11. List the prime factors of c/(-18)*(1 + 41).
2, 7
What are the prime factors of (-44)/(-374) - (-1715)/17?
101
Let s(k) = k**3 + 5*k**2 + 3*k + 4. Let v = 13 - 8. Suppose -a = -v*a - 12. What are the prime factors of s(a)?
13
List the prime factors of -2*4/(-8) - (0 + -112).
113
Suppose 0 = -5*h + 2*h + 15. Suppose 4*o + h*f = 62, -f - 1 - 1 = 0. Let s = 28 - o. What are the prime factors of s?
2, 5
List the prime factors of (-1 - 0) + (-1176)/(-8).
2, 73
Let k = -89 - -139. Suppose 0 = 3*w + y - 110, 0*y = w - 3*y - k. What are the prime factors of w?
2, 19
Suppose 7 = 4*g + 4*j - 1, j + 18 = 3*g. What are the prime factors of g?
5
Let g(j) = 4*j. Let i(b) = -5*b. Let q(c) = 6*g(c) + 5*i(c). Let w be q(4). Let r(p) = p**2 - 4. What are the prime factors of r(w)?
2, 3
Let a(s) be the third derivative of s**4/24 + 4*s**3/3 - 6*s**2. Let l(d) = -d. Let c be l(4). What are the prime factors of a(c)?
2
Let t = 24 - -14. List the prime factors of t.
2, 19
Let y = 243 + -109. Suppose -3*m + 2*k + y = 4*k, 0 = 3*m + 3*k - 135. List the prime factors of m.
2, 11
Suppose 52 = 2*l - 5*x, 8*l - 5*l - 78 = -5*x. List the prime factors of l.
2, 13
List the prime factors of (20/15 + -1)*141.
47
Let o(j) = 8*j**2 - 4. List the prime factors of o(2).
2, 7
Suppose -u = -3*a + 2, 4*u + 8 = 5*u + 2*a. Suppose 20 = 3*g - u*g. Let t = g + 28. What are the prime factors of t?
2
Let j(h) = 16*h - 2. Let m(r) = 8*r - 1. Let l(z) = 6*j(z) - 13*m(z). List the prime factors of l(-1).
3
Let v = 54 + -12. List the prime factors of v.
2, 3, 7
Let w(c) = c**3 + 4*c**2 + c - 2. Let l be w(-3). Suppose 0 = -5*i + l + 11. Let n(g) = -g**3 + 2*g**2 + 3*g + 4. List the prime factors of n(i).
2
Let m(u) = 14*u**3 + 2*u**2 - 1. Let q be m(1). Let p be (-2)/3 - (-4)/6. Suppose -5*i + q = -p*i. List the prime factors of i.
3
Let g be (5 + -3 - 160)*-1. Suppose r = 5*q - 2*r - g, 2*r - 60 = -2*q. List the prime factors of q.
31
Let t be (-78)/(-9) - (-2)/(-3). Let f = -4 + 6. Let k = f + t. List the prime factors of k.
2, 5
Suppose -45 = -2*r + 45. Let d = -15 - -17. Suppose -d*w = w - r. List the prime factors of w.
3, 5
Let k(d) = d - 10. Let s be k(5). Let l = s - -7. What are the prime factors of l/(-3)*(-33)/2?
11
Let r be (18/12)/(2/4). Suppose -o + 54 = 2*o + r*t, -2*o = 5*t - 48. List the prime factors of o.
2, 7
Let i be 1*(0 - (0 + 0)). Suppose -4*l + l + 6 = i, 4*d - 5*l - 38 = 0. List the prime factors of d.
2, 3
Suppose z + 0 = 3. Let v be -1*(-6)/(3 - 6). What are the prime factors of v + 9/z + 10?
11
Suppose 5*b + 12 = -23. Let y(a) = a + 10. Let p be y(b). Suppose 5*m = 23 - p. What are the prime factors of m?
2
Let h(f) be the first derivative of f**4/4 + 5*f**3/3 + f**2 + 2. List the prime factors of h(-3).
2, 3
Let r(d) = 8*d + 8. Let l(m) = -m - 1. Let c(i) = 4*l(i) + r(i). Let j be c(3). Suppose 2*g = -2*g + j, -5*g = -2*q. What are the prime factors of q?
2, 5
Let o = 78 + 24. Let x = o + -51. Suppose x + 21 = 4*v. List the prime factors of v.
2, 3
Let t = 72 - 38. List the prime factors of t.
2, 17
Suppose 34*t - 2208 = 10*t. What are the prime factors of t?
2, 23
Suppose 2*k - 1 = -3*y - 5, 3*y - 5*k = 10. Let u be y/(3/(-3)) + 0. Suppose 5*s - 3 - 22 = u. List the prime factors of s.
5
Suppose 0*t - 3 = -t. Let q(c) = c**2 - 4. List the prime factors of q(t).
5
Let r(o) = -2*o - 4. Let s be r(-3). Suppose 20 = 5*z, z = 5*t - s*z - 3. Suppose -t + 11 = 4*b. What are the prime factors of b?
2
Let s = 16 + -1. What are the prime factors of 1/(s/(-6))*-65?
2, 13
Suppose 4 = -3*l + 5*i - 0, -l + 5*i - 8 = 0. Suppose -b + 47 = -4*u, -2*b = l*u - 59 + 15. List the prime factors of b.
3
Let p(r) = -r**3 + 8*r**2 + r - 9. Let i be p(8). What are the prime factors of 5/(((-1)/i)/2)?
2, 5
Suppose -t + 5*c = c - 17, -4*c = 5*t + 11. List th